Dec 02 17:59:48.648 INFO testing salt-0.0.4 against master#8940af3cea4a9a9deabcaf843b2f8cad9a83fc61 for beta-1.31-5
Dec 02 17:59:48.648 INFO running `"docker" "create" "-v" "/mnt/big/crater/work/local/target-dirs/beta-1.31-5/worker-2/master#8940af3cea4a9a9deabcaf843b2f8cad9a83fc61:/target:rw,Z" "-v" "/mnt/big/crater/work/local/test-source/worker-2/beta-1.31-5/master#8940af3cea4a9a9deabcaf843b2f8cad9a83fc61:/source:ro,Z" "-v" "/mnt/big/crater/work/local/cargo-home:/cargo-home:ro,Z" "-v" "/mnt/big/crater/work/local/rustup-home:/rustup-home:ro,Z" "-e" "USER_ID=1000" "-e" "SOURCE_DIR=/source" "-e" "USER_ID=1000" "-e" "CMD=cargo +8940af3cea4a9a9deabcaf843b2f8cad9a83fc61-alt build --frozen" "-e" "CARGO_TARGET_DIR=/target" "-e" "CARGO_INCREMENTAL=0" "-e" "RUST_BACKTRACE=full" "-e" "RUSTFLAGS=--cap-lints=warn" "-e" "CARGO_HOME=/cargo-home" "-e" "RUSTUP_HOME=/rustup-home" "-m" "1536M" "--network" "none" "crater"`
Dec 02 17:59:49.007 INFO [stdout] 0a3da97c4d155a37060a58033acc3450d62623ab3e40c2e493b5894dccfaeb46
Dec 02 17:59:49.009 INFO running `"docker" "start" "-a" "0a3da97c4d155a37060a58033acc3450d62623ab3e40c2e493b5894dccfaeb46"`
Dec 02 17:59:50.015 INFO [stderr] usermod: no changes
Dec 02 17:59:50.279 INFO [stderr]    Compiling salt v0.0.4 (/source)
Dec 02 17:59:56.499 INFO [stderr] warning: use of deprecated item 'hyper::server::server_proto::<impl hyper::server::Http<B>>::bind_connection': All usage of the tokio-proto crate is going away.
Dec 02 17:59:56.499 INFO [stderr]   --> src/salt.rs:86:34
Dec 02 17:59:56.499 INFO [stderr]    |
Dec 02 17:59:56.499 INFO [stderr] 86 |                         protocol.bind_connection(&handle, socket, addr, service.clone());
Dec 02 17:59:56.499 INFO [stderr]    |                                  ^^^^^^^^^^^^^^^
Dec 02 17:59:56.499 INFO [stderr]    |
Dec 02 17:59:56.499 INFO [stderr]    = note: #[warn(deprecated)] on by default
Dec 02 17:59:56.499 INFO [stderr] 
Dec 02 17:59:57.459 INFO [stderr]     Finished dev [unoptimized + debuginfo] target(s) in 7.40s
Dec 02 17:59:57.467 INFO [stderr] su: No module specific data is present
Dec 02 17:59:58.553 INFO running `"docker" "inspect" "0a3da97c4d155a37060a58033acc3450d62623ab3e40c2e493b5894dccfaeb46"`
Dec 02 17:59:58.874 INFO running `"docker" "rm" "-f" "0a3da97c4d155a37060a58033acc3450d62623ab3e40c2e493b5894dccfaeb46"`
Dec 02 17:59:59.093 INFO [stdout] 0a3da97c4d155a37060a58033acc3450d62623ab3e40c2e493b5894dccfaeb46
Dec 02 17:59:59.096 INFO running `"docker" "create" "-v" "/mnt/big/crater/work/local/target-dirs/beta-1.31-5/worker-2/master#8940af3cea4a9a9deabcaf843b2f8cad9a83fc61:/target:rw,Z" "-v" "/mnt/big/crater/work/local/test-source/worker-2/beta-1.31-5/master#8940af3cea4a9a9deabcaf843b2f8cad9a83fc61:/source:ro,Z" "-v" "/mnt/big/crater/work/local/cargo-home:/cargo-home:ro,Z" "-v" "/mnt/big/crater/work/local/rustup-home:/rustup-home:ro,Z" "-e" "USER_ID=1000" "-e" "SOURCE_DIR=/source" "-e" "USER_ID=1000" "-e" "CMD=cargo +8940af3cea4a9a9deabcaf843b2f8cad9a83fc61-alt test --frozen --no-run" "-e" "CARGO_TARGET_DIR=/target" "-e" "CARGO_INCREMENTAL=0" "-e" "RUST_BACKTRACE=full" "-e" "RUSTFLAGS=--cap-lints=warn" "-e" "CARGO_HOME=/cargo-home" "-e" "RUSTUP_HOME=/rustup-home" "-m" "1536M" "--network" "none" "crater"`
Dec 02 17:59:59.547 INFO [stdout] bf1bf3384a3b676f80a44cc0383fbfd590fbb02f4725a854275524d3e98ad0b6
Dec 02 17:59:59.552 INFO running `"docker" "start" "-a" "bf1bf3384a3b676f80a44cc0383fbfd590fbb02f4725a854275524d3e98ad0b6"`
Dec 02 18:00:01.007 INFO [stderr] usermod: no changes
Dec 02 18:00:01.311 INFO [stderr]    Compiling salt v0.0.4 (/source)
Dec 02 18:00:16.575 INFO [stderr] warning: use of deprecated item 'hyper::server::server_proto::<impl hyper::server::Http<B>>::bind_connection': All usage of the tokio-proto crate is going away.
Dec 02 18:00:16.575 INFO [stderr]   --> src/salt.rs:86:34
Dec 02 18:00:16.575 INFO [stderr]    |
Dec 02 18:00:16.575 INFO [stderr] 86 |                         protocol.bind_connection(&handle, socket, addr, service.clone());
Dec 02 18:00:16.575 INFO [stderr]    |                                  ^^^^^^^^^^^^^^^
Dec 02 18:00:16.575 INFO [stderr]    |
Dec 02 18:00:16.575 INFO [stderr]    = note: #[warn(deprecated)] on by default
Dec 02 18:00:16.575 INFO [stderr] 
Dec 02 18:00:17.315 INFO [stderr] error[E0554]: #![feature] may not be used on the beta release channel
Dec 02 18:00:17.315 INFO [stderr]  --> examples/proxy.rs:1:1
Dec 02 18:00:17.315 INFO [stderr]   |
Dec 02 18:00:17.315 INFO [stderr] 1 | #![feature(conservative_impl_trait)]
Dec 02 18:00:17.315 INFO [stderr]   | ^^^^^^^^^^^^^^^^^^^^^^^^^^^^^^^^^^^^
Dec 02 18:00:17.315 INFO [stderr] 
Dec 02 18:00:17.315 INFO [stderr] error: aborting due to previous error
Dec 02 18:00:17.315 INFO [stderr] 
Dec 02 18:00:17.315 INFO [stderr] For more information about this error, try `rustc --explain E0554`.
Dec 02 18:00:17.339 INFO [stderr] error: Could not compile `salt`.
Dec 02 18:00:17.339 INFO [stderr] warning: build failed, waiting for other jobs to finish...
Dec 02 18:00:20.119 INFO [stderr] error[E0554]: #![feature] may not be used on the beta release channel
Dec 02 18:00:20.119 INFO [stderr]  --> examples/time.rs:1:1
Dec 02 18:00:20.119 INFO [stderr]   |
Dec 02 18:00:20.119 INFO [stderr] 1 | #![feature(conservative_impl_trait)]
Dec 02 18:00:20.119 INFO [stderr]   | ^^^^^^^^^^^^^^^^^^^^^^^^^^^^^^^^^^^^
Dec 02 18:00:20.119 INFO [stderr] 
Dec 02 18:00:20.119 INFO [stderr] error: aborting due to previous error
Dec 02 18:00:20.119 INFO [stderr] 
Dec 02 18:00:20.119 INFO [stderr] For more information about this error, try `rustc --explain E0554`.
Dec 02 18:00:20.139 INFO [stderr] error: Could not compile `salt`.
Dec 02 18:00:20.139 INFO [stderr] warning: build failed, waiting for other jobs to finish...
Dec 02 18:00:21.118 INFO [stderr] error[E0554]: #![feature] may not be used on the beta release channel
Dec 02 18:00:21.118 INFO [stderr]  --> examples/json.rs:1:1
Dec 02 18:00:21.118 INFO [stderr]   |
Dec 02 18:00:21.118 INFO [stderr] 1 | #![feature(conservative_impl_trait)]
Dec 02 18:00:21.118 INFO [stderr]   | ^^^^^^^^^^^^^^^^^^^^^^^^^^^^^^^^^^^^
Dec 02 18:00:21.118 INFO [stderr] 
Dec 02 18:00:21.119 INFO [stderr] error: aborting due to previous error
Dec 02 18:00:21.119 INFO [stderr] 
Dec 02 18:00:21.119 INFO [stderr] For more information about this error, try `rustc --explain E0554`.
Dec 02 18:00:21.153 INFO [stderr] error: Could not compile `salt`.
Dec 02 18:00:21.153 INFO [stderr] warning: build failed, waiting for other jobs to finish...
Dec 02 18:00:29.639 INFO [stderr] error: build failed
Dec 02 18:00:29.642 INFO [stderr] su: No module specific data is present
Dec 02 18:00:30.401 INFO running `"docker" "inspect" "bf1bf3384a3b676f80a44cc0383fbfd590fbb02f4725a854275524d3e98ad0b6"`
Dec 02 18:00:30.785 INFO running `"docker" "rm" "-f" "bf1bf3384a3b676f80a44cc0383fbfd590fbb02f4725a854275524d3e98ad0b6"`
Dec 02 18:00:31.279 INFO [stdout] bf1bf3384a3b676f80a44cc0383fbfd590fbb02f4725a854275524d3e98ad0b6
